{"id":313,"date":"2020-08-25T00:17:03","date_gmt":"2020-08-25T05:17:03","guid":{"rendered":"http:\/\/gothicmx.com\/?post_type=product&#038;p=313"},"modified":"2025-08-10T22:09:45","modified_gmt":"2025-08-11T04:09:45","slug":"mystica-girls-demo","status":"publish","type":"product","link":"https:\/\/gothicmx.com\/index.php\/producto\/mystica-girls-demo\/","title":{"rendered":"Mystica Girls\/ Demo"},"content":{"rendered":"<p><strong>Mystica Girls<\/strong>\u00a0es una banda mexicana e independiente de Rock\/Metal con trece a\u00f1os de trayectoria, y temas interpretados tanto en espa\u00f1ol como en ingl\u00e9s.<\/p>\n<p>&nbsp;<\/p>\n<p>sobre de cart\u00f3n<\/p>\n","protected":false},"excerpt":{"rendered":"<ol>\n<li>\u00c1ngel ca\u00eddo<\/li>\n<li>Siempre fiel<\/li>\n<li>\u00a0Old Times<\/li>\n<li>Abre bien los ojos<\/li>\n<li>The conquest (DVD)<\/li>\n<li>Hechizo<\/li>\n<li>Tiny Blue Dot (DVD)<\/li>\n<li>Sweet PickIng (DVD)<\/li>\n<li>Gates of Hell (DVD)<\/li>\n<li>Almas depresivas<\/li>\n<li>Sin ti<\/li>\n<li>Life or Death<\/li>\n<li>Cosmic Love Vals (Bonus Track)<\/li>\n<\/ol>\n","protected":false},"featured_media":314,"comment_status":"open","ping_status":"closed","template":"","meta":{"_bbp_topic_count":0,"_bbp_reply_count":0,"_bbp_total_topic_count":0,"_bbp_total_reply_count":0,"_bbp_voice_count":0,"_bbp_anonymous_reply_count":0,"_bbp_topic_count_hidden":0,"_bbp_reply_count_hidden":0,"_bbp_forum_subforum_count":0,"_monsterinsights_skip_tracking":false,"_monsterinsights_sitenote_active":false,"_monsterinsights_sitenote_note":"","_monsterinsights_sitenote_category":0,"_joinchat":[]},"product_cat":[47,61],"product_tag":[],"aioseo_notices":[],"_links":{"self":[{"href":"https:\/\/gothicmx.com\/index.php\/wp-json\/wp\/v2\/product\/313"}],"collection":[{"href":"https:\/\/gothicmx.com\/index.php\/wp-json\/wp\/v2\/product"}],"about":[{"href":"https:\/\/gothicmx.com\/index.php\/wp-json\/wp\/v2\/types\/product"}],"replies":[{"embeddable":true,"href":"https:\/\/gothicmx.com\/index.php\/wp-json\/wp\/v2\/comments?post=313"}],"wp:featuredmedia":[{"embeddable":true,"href":"https:\/\/gothicmx.com\/index.php\/wp-json\/wp\/v2\/media\/314"}],"wp:attachment":[{"href":"https:\/\/gothicmx.com\/index.php\/wp-json\/wp\/v2\/media?parent=313"}],"wp:term":[{"taxonomy":"product_cat","embeddable":true,"href":"https:\/\/gothicmx.com\/index.php\/wp-json\/wp\/v2\/product_cat?post=313"},{"taxonomy":"product_tag","embeddable":true,"href":"https:\/\/gothicmx.com\/index.php\/wp-json\/wp\/v2\/product_tag?post=313"}],"curies":[{"name":"wp","href":"https:\/\/api.w.org\/{rel}","templated":true}]}}