{"id":4217,"date":"2024-12-24T02:56:11","date_gmt":"2024-12-24T08:56:11","guid":{"rendered":"https:\/\/gothicmx.com\/?post_type=product&#038;p=4217"},"modified":"2025-10-24T18:13:17","modified_gmt":"2025-10-25T00:13:17","slug":"titania-vaciame-2016-segunda-edicion","status":"publish","type":"product","link":"https:\/\/gothicmx.com\/index.php\/producto\/titania-vaciame-2016-segunda-edicion\/","title":{"rendered":"Titania &#8211; Vac\u00edame (2016 &#8211; Segunda edici\u00f3n)"},"content":{"rendered":"<p>2016<\/p>\n<p>Mascarada Records<\/p>\n<ol>\n<li>Vac\u00edame<\/li>\n<li>Desvanezco<\/li>\n<li>Terminal<\/li>\n<li>Despertar<\/li>\n<li>Solo<\/li>\n<li>Gabriel<\/li>\n<li>Ins\u00f3lito<\/li>\n<\/ol>\n","protected":false},"excerpt":{"rendered":"<p>Grupo de m\u00fasica electr\u00f3nica Formado en 2010 con tendencias oscuras, que alterna ritmos atmosf\u00e9ricos y agresivos con voces mel\u00f3dicas sin llegar a ser m\u00fasica bailable. Sus canciones hablan principalmente de la condici\u00f3n humana, el amor, el desamor, el deseo, el sufrimiento y la locura.<\/p>\n","protected":false},"featured_media":4220,"comment_status":"open","ping_status":"closed","template":"","meta":{"_bbp_topic_count":0,"_bbp_reply_count":0,"_bbp_total_topic_count":0,"_bbp_total_reply_count":0,"_bbp_voice_count":0,"_bbp_anonymous_reply_count":0,"_bbp_topic_count_hidden":0,"_bbp_reply_count_hidden":0,"_bbp_forum_subforum_count":0,"_monsterinsights_skip_tracking":false,"_monsterinsights_sitenote_active":false,"_monsterinsights_sitenote_note":"","_monsterinsights_sitenote_category":0,"_joinchat":[]},"product_cat":[47,16,40,44],"product_tag":[],"aioseo_notices":[],"_links":{"self":[{"href":"https:\/\/gothicmx.com\/index.php\/wp-json\/wp\/v2\/product\/4217"}],"collection":[{"href":"https:\/\/gothicmx.com\/index.php\/wp-json\/wp\/v2\/product"}],"about":[{"href":"https:\/\/gothicmx.com\/index.php\/wp-json\/wp\/v2\/types\/product"}],"replies":[{"embeddable":true,"href":"https:\/\/gothicmx.com\/index.php\/wp-json\/wp\/v2\/comments?post=4217"}],"wp:featuredmedia":[{"embeddable":true,"href":"https:\/\/gothicmx.com\/index.php\/wp-json\/wp\/v2\/media\/4220"}],"wp:attachment":[{"href":"https:\/\/gothicmx.com\/index.php\/wp-json\/wp\/v2\/media?parent=4217"}],"wp:term":[{"taxonomy":"product_cat","embeddable":true,"href":"https:\/\/gothicmx.com\/index.php\/wp-json\/wp\/v2\/product_cat?post=4217"},{"taxonomy":"product_tag","embeddable":true,"href":"https:\/\/gothicmx.com\/index.php\/wp-json\/wp\/v2\/product_tag?post=4217"}],"curies":[{"name":"wp","href":"https:\/\/api.w.org\/{rel}","templated":true}]}}