{"id":427,"date":"2020-10-13T04:42:00","date_gmt":"2020-10-13T09:42:00","guid":{"rendered":"http:\/\/gothicmx.com\/?post_type=product&#038;p=427"},"modified":"2026-03-08T06:25:32","modified_gmt":"2026-03-08T12:25:32","slug":"hedonea-aeropuerto-limited-edition","status":"publish","type":"product","link":"https:\/\/gothicmx.com\/index.php\/producto\/hedonea-aeropuerto-limited-edition\/","title":{"rendered":"Hed\u00f3nea &#8211; Aeropuerto \/ Limited Edition"},"content":{"rendered":"<p>Hard case digipack limited edition includes &#8220;the soundtrack&#8221; and &#8220;the comic&#8221; of Aeropuerto, includes a lyric Map.<br \/>\nArt and design by Israel Miranda<\/p>\n<p>Hed\u00f3nea, agrupaci\u00f3n con un bagaje de siete producciones discogr\u00e1ficas y media docena de a\u00f1os tocando continuamente en el circuito rocanrolero subterr\u00e1neo, cierra un ciclo al presentar su m\u00e1s reciente disco:\u00a0<em>Aeropuerto (soundtrack para c\u00f3mic)<\/em>, grabaci\u00f3n con una propuesta musical que mezcla sonidos darks con r\u00edtmico pop contempor\u00e1neo que arropa letras intimistas, con cierto halo urbano, citadino. Luis Mart\u00ednez, Israel Miranda, Alfredo Pati\u00f1o y V\u00edctor Hurtado han realizado un disco compacto con 12 cortes, &#8220;donde la melancol\u00eda de la l\u00edrica se mezcla con la violencia de la estructura musical, como sucede en el\u00a0<em>track<\/em>\u00a0tres &#8211;<em>Manecillas de un reloj<\/em>-. Ah\u00ed, una eclosi\u00f3n de guitarras irrumpe en la atm\u00f3sfera de reflexi\u00f3n que ofrece esta canci\u00f3n&#8221;, afirma Israel, bajista de la banda y creador del concepto visual del \u00e1lbum, que incluye un cuadernillo con la historia de Vallequieto, ciudad imaginaria habitada por alien\u00edgenas y almas solitarias; personajes que aparecen en cuanto se despliega un juego de dados que viene como bono extra en este trabajo sonoro visual.<\/p>\n<p>Con arrogancia justificada, los j\u00f3venes de Hed\u00f3nea afirman que esta producci\u00f3n, realizada en los terrenos de la independencia, &#8220;est\u00e1 mejor que muchas de las hechas por grandes compa\u00f1\u00edas trasnacionales. La raz\u00f3n -agrega Alfredo, cantante de la banda- salta a la vista: cuidada producci\u00f3n musical para encontrar un sonido propio; adem\u00e1s, el arte del disco es todo un concepto, viene una historieta relacionada directamente con las canciones y un juego de mesa para mel\u00f3manos&#8221;.<\/p>\n<p><em>Aeropuerto (soundtrack para c\u00f3mic)<\/em>\u00a0tendr\u00e1 su presentaci\u00f3n oficial hoy en el multiforo Alicia -Cuauht\u00e9moc 91 A, colonia Roma- a partir de las 20 horas. Compartir\u00e1n escenario con Hed\u00f3nea Qual, banda encabezada por Fausto Arrell\u00edn, y Nono Tarado. Los primeros 20 asistentes que compren su boleto en taquilla, se llevar\u00e1n una camiseta alusiva al disco.<\/p>\n","protected":false},"excerpt":{"rendered":"<p><strong><a href=\"http:\/\/gothicmx.com\/index.php\/2020\/10\/13\/hedonea-aeropuerto-edicion-especial\/\">Ver rese\u00f1a del disco<\/a><\/strong><\/p>\n<table id=\"track_table\" class=\"track_list track_table\">\n<tbody>\n<tr class=\"track_row_view linked\">\n<td class=\"track-number-col\">\n<div class=\"track_number secondaryText\"><\/div>\n<\/td>\n<td class=\"title-col\">\n<div class=\"title\">1.<\/div>\n<\/td>\n<td class=\"info-col\">\n<div class=\"info_link\"><span class=\"track-title\">Pasaporte<\/span>\u00a0<span class=\"time secondaryText\">05:45<\/span><\/div>\n<\/td>\n<td class=\"download-col\">\n<div class=\"dl_link\"><\/div>\n<\/td>\n<\/tr>\n<tr class=\"track_row_view linked\">\n<td class=\"play-col\">\n<div class=\"play_status\"><\/div>\n<\/td>\n<td class=\"track-number-col\">\n<div class=\"track_number secondaryText\">2.<\/div>\n<\/td>\n<td class=\"title-col\">\n<div class=\"title\"><span class=\"track-title\">Prometo Olvidarme de Todo ( Excepto de Ti )<\/span>\u00a0<span class=\"time secondaryText\">04:35<\/span><\/div>\n<\/td>\n<td class=\"info-col\">\n<div class=\"info_link\"><\/div>\n<\/td>\n<td class=\"download-col\">\n<div class=\"dl_link\"><\/div>\n<\/td>\n<\/tr>\n<tr class=\"track_row_view linked\">\n<td class=\"play-col\">\n<div class=\"play_status\"><\/div>\n<\/td>\n<td class=\"track-number-col\">\n<div class=\"track_number secondaryText\">3.<\/div>\n<\/td>\n<td class=\"title-col\">\n<div class=\"title\"><span class=\"track-title\">Manecillas de un Reloj<\/span>\u00a0<span class=\"time secondaryText\">04:37<\/span><\/div>\n<\/td>\n<td class=\"info-col\">\n<div class=\"info_link\"><\/div>\n<\/td>\n<td class=\"download-col\">\n<div class=\"dl_link\"><\/div>\n<\/td>\n<\/tr>\n<tr class=\"track_row_view linked\">\n<td class=\"play-col\">\n<div class=\"play_status\"><\/div>\n<\/td>\n<td class=\"track-number-col\">\n<div class=\"track_number secondaryText\">4.<\/div>\n<\/td>\n<td class=\"title-col\">\n<div class=\"title\"><span class=\"track-title\">Equipaje<\/span>\u00a0<span class=\"time secondaryText\">05:54<\/span><\/div>\n<\/td>\n<td class=\"info-col\">\n<div class=\"info_link\"><\/div>\n<\/td>\n<td class=\"download-col\">\n<div class=\"dl_link\"><\/div>\n<\/td>\n<\/tr>\n<tr class=\"track_row_view linked\">\n<td class=\"play-col\">\n<div class=\"play_status\"><\/div>\n<\/td>\n<td class=\"track-number-col\">\n<div class=\"track_number secondaryText\">5.<\/div>\n<\/td>\n<td class=\"title-col\">\n<div class=\"title\"><span class=\"track-title\">Tele-Estaci\u00f3n<\/span>\u00a0<span class=\"time secondaryText\">05:59<\/span><\/div>\n<\/td>\n<td class=\"info-col\">\n<div class=\"info_link\"><\/div>\n<\/td>\n<td class=\"download-col\">\n<div class=\"dl_link\"><\/div>\n<\/td>\n<\/tr>\n<tr class=\"track_row_view linked\">\n<td class=\"play-col\">\n<div class=\"play_status\"><\/div>\n<\/td>\n<td class=\"track-number-col\">\n<div class=\"track_number secondaryText\">6.<\/div>\n<\/td>\n<td class=\"title-col\">\n<div class=\"title\"><span class=\"track-title\">Turbina ( Cambia de Vuelo )<\/span>\u00a0<span class=\"time secondaryText\">06:05<\/span><\/div>\n<\/td>\n<td class=\"info-col\">\n<div class=\"info_link\"><\/div>\n<\/td>\n<td class=\"download-col\">\n<div class=\"dl_link\"><\/div>\n<\/td>\n<\/tr>\n<tr class=\"track_row_view linked\">\n<td class=\"play-col\">\n<div class=\"play_status\"><\/div>\n<\/td>\n<td class=\"track-number-col\">\n<div class=\"track_number secondaryText\">7.<\/div>\n<\/td>\n<td class=\"title-col\">\n<div class=\"title\"><span class=\"track-title\">Aeropuerto<\/span>\u00a0<span class=\"time secondaryText\">06:05<\/span><\/div>\n<\/td>\n<td class=\"info-col\">\n<div class=\"info_link\"><\/div>\n<\/td>\n<td class=\"download-col\">\n<div class=\"dl_link\"><\/div>\n<\/td>\n<\/tr>\n<tr class=\"track_row_view linked\">\n<td class=\"play-col\">\n<div class=\"play_status\"><\/div>\n<\/td>\n<td class=\"track-number-col\">\n<div class=\"track_number secondaryText\">8.<\/div>\n<\/td>\n<td class=\"title-col\">\n<div class=\"title\"><span class=\"track-title\">Pasajero<\/span>\u00a0<span class=\"time secondaryText\">02:09<\/span><\/div>\n<\/td>\n<td class=\"info-col\">\n<div class=\"info_link\"><\/div>\n<\/td>\n<td class=\"download-col\">\n<div class=\"dl_link\"><\/div>\n<\/td>\n<\/tr>\n<tr class=\"track_row_view linked\">\n<td class=\"play-col\">\n<div class=\"play_status\"><\/div>\n<\/td>\n<td class=\"track-number-col\">\n<div class=\"track_number secondaryText\">9.<\/div>\n<\/td>\n<td class=\"title-col\">\n<div class=\"title\"><span class=\"track-title\">Plataforma<\/span>\u00a0<span class=\"time secondaryText\">05:02<\/span><\/div>\n<\/td>\n<td class=\"info-col\">\n<div class=\"info_link\"><\/div>\n<\/td>\n<td class=\"download-col\">\n<div class=\"dl_link\"><\/div>\n<\/td>\n<\/tr>\n<tr class=\"track_row_view linked\">\n<td class=\"play-col\">\n<div class=\"play_status\"><\/div>\n<\/td>\n<td class=\"track-number-col\">\n<div class=\"track_number secondaryText\">10.<\/div>\n<\/td>\n<td class=\"title-col\">\n<div class=\"title\"><span class=\"track-title\">Mientras Duermes<\/span>\u00a0<span class=\"time secondaryText\">13:09<\/span><\/div>\n<\/td>\n<td class=\"info-col\">\n<div class=\"info_link\"><\/div>\n<\/td>\n<td class=\"download-col\">\n<div class=\"dl_link\"><\/div>\n<\/td>\n<\/tr>\n<tr class=\"track_row_view linked\">\n<td class=\"play-col\">\n<div class=\"play_status\"><\/div>\n<\/td>\n<td class=\"track-number-col\">\n<div class=\"track_number secondaryText\">11.<\/div>\n<\/td>\n<td class=\"title-col\">\n<div class=\"title\"><span class=\"track-title\">Sala de Espera<\/span>\u00a0<span class=\"time secondaryText\">07:28<\/span><\/div>\n<\/td>\n<\/tr>\n<\/tbody>\n<\/table>\n","protected":false},"featured_media":428,"comment_status":"open","ping_status":"closed","template":"","meta":{"_bbp_topic_count":0,"_bbp_reply_count":0,"_bbp_total_topic_count":0,"_bbp_total_reply_count":0,"_bbp_voice_count":0,"_bbp_anonymous_reply_count":0,"_bbp_topic_count_hidden":0,"_bbp_reply_count_hidden":0,"_bbp_forum_subforum_count":0,"_monsterinsights_skip_tracking":false,"_monsterinsights_sitenote_active":false,"_monsterinsights_sitenote_note":"","_monsterinsights_sitenote_category":0,"_joinchat":[]},"product_cat":[47,41],"product_tag":[],"aioseo_notices":[],"_links":{"self":[{"href":"https:\/\/gothicmx.com\/index.php\/wp-json\/wp\/v2\/product\/427"}],"collection":[{"href":"https:\/\/gothicmx.com\/index.php\/wp-json\/wp\/v2\/product"}],"about":[{"href":"https:\/\/gothicmx.com\/index.php\/wp-json\/wp\/v2\/types\/product"}],"replies":[{"embeddable":true,"href":"https:\/\/gothicmx.com\/index.php\/wp-json\/wp\/v2\/comments?post=427"}],"wp:featuredmedia":[{"embeddable":true,"href":"https:\/\/gothicmx.com\/index.php\/wp-json\/wp\/v2\/media\/428"}],"wp:attachment":[{"href":"https:\/\/gothicmx.com\/index.php\/wp-json\/wp\/v2\/media?parent=427"}],"wp:term":[{"taxonomy":"product_cat","embeddable":true,"href":"https:\/\/gothicmx.com\/index.php\/wp-json\/wp\/v2\/product_cat?post=427"},{"taxonomy":"product_tag","embeddable":true,"href":"https:\/\/gothicmx.com\/index.php\/wp-json\/wp\/v2\/product_tag?post=427"}],"curies":[{"name":"wp","href":"https:\/\/api.w.org\/{rel}","templated":true}]}}