{"id":435,"date":"2020-10-13T19:53:53","date_gmt":"2020-10-14T00:53:53","guid":{"rendered":"http:\/\/gothicmx.com\/?post_type=product&#038;p=435"},"modified":"2025-05-27T09:28:00","modified_gmt":"2025-05-27T15:28:00","slug":"dimitri-berzek-my-love-is-electric-remixes","status":"publish","type":"product","link":"https:\/\/gothicmx.com\/index.php\/producto\/dimitri-berzek-my-love-is-electric-remixes\/","title":{"rendered":"Dimitri Berzek My love is electric (Remixes)"},"content":{"rendered":"<div>Dimitri Berzerk es un apasionado de la m\u00fasica y un gran coleccionista de discos. Inici\u00f3 su carrera en la Ciudad de M\u00e9xico en 2005, fuertemente influenciado por la m\u00fasica underground, especializ\u00e1ndose en estilos como Synthpop, New Wave, Electronic Body Music e Industrial.<\/div>\n<div><\/div>\n<div>En la primavera de 2019 lanza su single debut \u201cMy Love Is Electric\u201d con gran aceptaci\u00f3n en la escena electr\u00f3nica a nivel mundial luego de haber realizado una gira de cuatro meses llamada \u201cMy Tour Is Electric\u201d con presentaciones en Europa, Norteam\u00e9rica y en las principales ciudades de M\u00e9xico.<\/div>\n<div><\/div>\n<div><\/div>\n<div><\/div>\n<div><\/div>\n<div class=\"content\">Sector Industrial Producciones\u00a0\u200e\u2013 SIP007C<\/div>\n<div class=\"head\">Formato:<\/div>\n<div class=\"content\">CD, Maxi-Single<\/div>\n<div class=\"head\">Pa\u00eds:<\/div>\n<div class=\"content\">Mexico<\/div>\n<div class=\"head\">Publicado:<\/div>\n<div class=\"content\">17 May 2019<\/div>\n<div class=\"head\">G\u00e9nero:<\/div>\n<div class=\"content\">Electronic<\/div>\n<div class=\"head\">Estilo:<\/div>\n<div class=\"content\">New Wave,\u00a0Synth-pop<\/div>\n<div><\/div>\n<div><\/div>\n<div>sobre doble<\/div>\n","protected":false},"excerpt":{"rendered":"<p>1<span class=\"tracklist_track_title\">My Love Is Electric (Single Version)<\/span>5:032<span class=\"tracklist_track_title\">My Love Is Electric (Frozen Plasma Remix Edit)<\/span><\/p>\n<blockquote><p><span class=\"tracklist_extra_artist_span\">Remix \u2013\u00a0Frozen Plasma<\/span><\/p><\/blockquote>\n<p>3:263<span class=\"tracklist_track_title\">My Love Is Electric (Vyrtual Zociety Extended Remix)<\/span><\/p>\n<blockquote><p><span class=\"tracklist_extra_artist_span\">Remix \u2013\u00a0Carlos Limon<\/span><\/p><\/blockquote>\n<p>6:184<span class=\"tracklist_track_title\">My Love Is Electric (Eloquent Remix)<\/span><\/p>\n<blockquote><p><span class=\"tracklist_extra_artist_span\">Remix \u2013\u00a0Eloquent (2)<\/span><\/p><\/blockquote>\n<p>6:155<span class=\"tracklist_track_title\">My Love Is Electric (Max Droia Remix)<\/span><\/p>\n<blockquote><p><span class=\"tracklist_extra_artist_span\">Remix \u2013\u00a0Max Droia<\/span><\/p><\/blockquote>\n<p>5:096<span class=\"tracklist_track_title\">Nowhere Girl (Single Version)<\/span><\/p>\n<blockquote><p><span class=\"tracklist_extra_artist_span\">Composed By \u2013\u00a0B-Movie<\/span><\/p><\/blockquote>\n<p>4:467<span class=\"tracklist_track_title\">My Love Is Electric (Die-Go Remix)<\/span><\/p>\n<blockquote><p><span class=\"tracklist_extra_artist_span\">Remix \u2013\u00a0Die-Go<\/span><\/p><\/blockquote>\n<p>7:308<span class=\"tracklist_track_title\">My Love Is Electric (Jerry&#8217;s Softwave Remix)<\/span><\/p>\n<blockquote><p><span class=\"tracklist_extra_artist_span\">Remix \u2013\u00a0Softwave<\/span><\/p><\/blockquote>\n<p>4:469<span class=\"tracklist_track_title\">My Love Is Electric (Elektrostaub Remix)<\/span><\/p>\n<blockquote><p><span class=\"tracklist_extra_artist_span\">Remix \u2013\u00a0Elektrostaub<\/span><\/p><\/blockquote>\n<p>5:1510<span class=\"tracklist_track_title\">My Love Is Electric (Electro Roots Remix)<\/span><\/p>\n<blockquote><p><span class=\"tracklist_extra_artist_span\">Remix \u2013\u00a0Franco Colombo<\/span><\/p><\/blockquote>\n<p>5:4511<span class=\"tracklist_track_title\">My Love Is Electric (Vox Humana Body Electric Remix)<\/span><\/p>\n<blockquote><p><span class=\"tracklist_extra_artist_span\">Remix \u2013\u00a0Vox Humana (10)<\/span><\/p><\/blockquote>\n<p>6:1712<span class=\"tracklist_track_title\">My Love Is Electric (Modelo De Pacer Remix)<\/span><\/p>\n<blockquote><p><span class=\"tracklist_extra_artist_span\">Remix \u2013\u00a0Modelo De Placer<\/span><\/p><\/blockquote>\n<p>8:39<\/p>\n","protected":false},"featured_media":436,"comment_status":"open","ping_status":"closed","template":"","meta":{"_bbp_topic_count":0,"_bbp_reply_count":0,"_bbp_total_topic_count":0,"_bbp_total_reply_count":0,"_bbp_voice_count":0,"_bbp_anonymous_reply_count":0,"_bbp_topic_count_hidden":0,"_bbp_reply_count_hidden":0,"_bbp_forum_subforum_count":0,"_monsterinsights_skip_tracking":false,"_monsterinsights_sitenote_active":false,"_monsterinsights_sitenote_note":"","_monsterinsights_sitenote_category":0,"_joinchat":[]},"product_cat":[47,16,55,44],"product_tag":[],"aioseo_notices":[],"_links":{"self":[{"href":"https:\/\/gothicmx.com\/index.php\/wp-json\/wp\/v2\/product\/435"}],"collection":[{"href":"https:\/\/gothicmx.com\/index.php\/wp-json\/wp\/v2\/product"}],"about":[{"href":"https:\/\/gothicmx.com\/index.php\/wp-json\/wp\/v2\/types\/product"}],"replies":[{"embeddable":true,"href":"https:\/\/gothicmx.com\/index.php\/wp-json\/wp\/v2\/comments?post=435"}],"wp:featuredmedia":[{"embeddable":true,"href":"https:\/\/gothicmx.com\/index.php\/wp-json\/wp\/v2\/media\/436"}],"wp:attachment":[{"href":"https:\/\/gothicmx.com\/index.php\/wp-json\/wp\/v2\/media?parent=435"}],"wp:term":[{"taxonomy":"product_cat","embeddable":true,"href":"https:\/\/gothicmx.com\/index.php\/wp-json\/wp\/v2\/product_cat?post=435"},{"taxonomy":"product_tag","embeddable":true,"href":"https:\/\/gothicmx.com\/index.php\/wp-json\/wp\/v2\/product_tag?post=435"}],"curies":[{"name":"wp","href":"https:\/\/api.w.org\/{rel}","templated":true}]}}