{"id":439,"date":"2020-10-13T20:17:19","date_gmt":"2020-10-14T01:17:19","guid":{"rendered":"http:\/\/gothicmx.com\/?post_type=product&#038;p=439"},"modified":"2024-03-10T18:58:32","modified_gmt":"2024-03-11T00:58:32","slug":"dimitri-berzek-my-love-is-electric-club-remixes","status":"publish","type":"product","link":"https:\/\/gothicmx.com\/index.php\/producto\/dimitri-berzek-my-love-is-electric-club-remixes\/","title":{"rendered":"Dimitri Berzek My love is electric (Club remixes)Vinyl"},"content":{"rendered":"<div>\n<div>Dimitri Berzerk es un apasionado de la m\u00fasica y un gran coleccionista de discos. Inici\u00f3 su carrera en la Ciudad de M\u00e9xico en 2005, fuertemente influenciado por la m\u00fasica underground, especializ\u00e1ndose en estilos como Synthpop, New Wave, Electronic Body Music e Industrial.<\/div>\n<div><\/div>\n<div>En la primavera de 2019 lanza su single debut \u201cMy Love Is Electric\u201d con gran aceptaci\u00f3n en la escena electr\u00f3nica a nivel mundial luego de haber realizado una gira de cuatro meses llamada \u201cMy Tour Is Electric\u201d con presentaciones en Europa, Norteam\u00e9rica y en las principales ciudades de M\u00e9xico.<\/div>\n<div><\/div>\n<\/div>\n<div class=\"head\">Sello: Sector Industrial Producciones\u00a0\u200e\u2013 SIP007V<\/div>\n<div class=\"head\">Formato: Vinyl, 12&#8243;, 33 \u2153 RPM, Single<\/div>\n<div class=\"head\">Pa\u00eds: Mexico<\/div>\n<div class=\"head\">Publicado: 17 May 2019<\/div>\n<div class=\"head\">G\u00e9nero: Electronic<\/div>\n<div class=\"head\">Estilo: New Wave,\u00a0Synth-pop<\/div>\n<div><\/div>\n<div><\/div>\n<div><\/div>\n<div>Vynil<\/div>\n","protected":false},"excerpt":{"rendered":"<table class=\"playlist\">\n<tbody>\n<tr class=\"first tracklist_track track\" data-track-position=\"A1\">\n<td class=\"tracklist_track_pos\">A1<\/td>\n<td class=\"track tracklist_track_title \"><span class=\"tracklist_track_title\">My Love Is Electric (12&#8243; Version)<\/span><\/td>\n<td class=\"tracklist_track_duration\" width=\"25\">6:12<\/td>\n<\/tr>\n<tr class=\" tracklist_track track\" data-track-position=\"A2\">\n<td class=\"tracklist_track_pos\">A2<\/td>\n<td class=\"track tracklist_track_title \"><span class=\"tracklist_track_title\">My Love Is Electric (Frozen Plasma Remix)<\/span><\/p>\n<blockquote><p><span class=\"tracklist_extra_artist_span\">Remix \u2013\u00a0Frozen Plasma<\/span><\/p><\/blockquote>\n<\/td>\n<td class=\"tracklist_track_duration\" width=\"25\">5:41<\/td>\n<\/tr>\n<tr class=\" tracklist_track track\" data-track-position=\"A3\">\n<td class=\"tracklist_track_pos\">A3<\/td>\n<td class=\"track tracklist_track_title \"><span class=\"tracklist_track_title\">My Love Is Electric (Vyrtual Zociety Remix)<\/span><\/p>\n<blockquote><p><span class=\"tracklist_extra_artist_span\">Remix \u2013\u00a0Carlos Limon<\/span><\/p><\/blockquote>\n<\/td>\n<td class=\"tracklist_track_duration\" width=\"25\">4:43<\/td>\n<\/tr>\n<tr class=\" tracklist_track track\" data-track-position=\"A4\">\n<td class=\"tracklist_track_pos\">A4<\/td>\n<td class=\"track tracklist_track_title \"><span class=\"tracklist_track_title\">My Love Is Electric (Eloquent Remix)<\/span><\/p>\n<blockquote><p><span class=\"tracklist_extra_artist_span\">Remix \u2013\u00a0Eloquent (2)<\/span><\/p><\/blockquote>\n<\/td>\n<td class=\"tracklist_track_duration\" width=\"25\">5:14<\/td>\n<\/tr>\n<tr class=\" tracklist_track track\" data-track-position=\"B1\">\n<td class=\"tracklist_track_pos\">B1<\/td>\n<td class=\"track tracklist_track_title \"><span class=\"tracklist_track_title\">Nowhere Girl (12&#8243; Version)<\/span><\/p>\n<blockquote><p><span class=\"tracklist_extra_artist_span\">Composed By \u2013\u00a0B-Movie<\/span><\/p><\/blockquote>\n<\/td>\n<td class=\"tracklist_track_duration\" width=\"25\">6:41<\/td>\n<\/tr>\n<tr class=\" tracklist_track track\" data-track-position=\"B2\">\n<td class=\"tracklist_track_pos\">B2<\/td>\n<td class=\"track tracklist_track_title \"><span class=\"tracklist_track_title\">My Love Is Electric (Elektrostaub Remix)<\/span><\/p>\n<blockquote><p><span class=\"tracklist_extra_artist_span\">Remix \u2013\u00a0Elektrostaub<\/span><\/p><\/blockquote>\n<\/td>\n<td class=\"tracklist_track_duration\" width=\"25\">5:15<\/td>\n<\/tr>\n<tr class=\" tracklist_track track\" data-track-position=\"B3\">\n<td class=\"tracklist_track_pos\">B3<\/td>\n<td class=\"track tracklist_track_title \"><span class=\"tracklist_track_title\">My Love Is Electric (Modelo De Pacer Remix)<\/span><\/p>\n<blockquote><p><span class=\"tracklist_extra_artist_span\">Remix \u2013\u00a0Modelo De Placer<\/span><\/p><\/blockquote>\n<\/td>\n<td class=\"tracklist_track_duration\" width=\"25\">5:03<\/td>\n<\/tr>\n<tr class=\" tracklist_track track\" data-track-position=\"B4\">\n<td class=\"tracklist_track_pos\">B4<\/td>\n<td class=\"track tracklist_track_title \"><span class=\"tracklist_track_title\">My Love Is Electric (89 S\u2020 Remix)<\/span><\/p>\n<blockquote><p><span class=\"tracklist_extra_artist_span\">Remix \u2013\u00a089st<\/span><\/p><\/blockquote>\n<\/td>\n<td class=\"tracklist_track_duration\" width=\"25\">4:48<\/td>\n<\/tr>\n<\/tbody>\n<\/table>\n","protected":false},"featured_media":440,"comment_status":"open","ping_status":"closed","template":"","meta":{"_bbp_topic_count":0,"_bbp_reply_count":0,"_bbp_total_topic_count":0,"_bbp_total_reply_count":0,"_bbp_voice_count":0,"_bbp_anonymous_reply_count":0,"_bbp_topic_count_hidden":0,"_bbp_reply_count_hidden":0,"_bbp_forum_subforum_count":0,"_monsterinsights_skip_tracking":false,"_monsterinsights_sitenote_active":false,"_monsterinsights_sitenote_note":"","_monsterinsights_sitenote_category":0,"_joinchat":[]},"product_cat":[47,16,55,44],"product_tag":[],"aioseo_notices":[],"_links":{"self":[{"href":"https:\/\/gothicmx.com\/index.php\/wp-json\/wp\/v2\/product\/439"}],"collection":[{"href":"https:\/\/gothicmx.com\/index.php\/wp-json\/wp\/v2\/product"}],"about":[{"href":"https:\/\/gothicmx.com\/index.php\/wp-json\/wp\/v2\/types\/product"}],"replies":[{"embeddable":true,"href":"https:\/\/gothicmx.com\/index.php\/wp-json\/wp\/v2\/comments?post=439"}],"wp:featuredmedia":[{"embeddable":true,"href":"https:\/\/gothicmx.com\/index.php\/wp-json\/wp\/v2\/media\/440"}],"wp:attachment":[{"href":"https:\/\/gothicmx.com\/index.php\/wp-json\/wp\/v2\/media?parent=439"}],"wp:term":[{"taxonomy":"product_cat","embeddable":true,"href":"https:\/\/gothicmx.com\/index.php\/wp-json\/wp\/v2\/product_cat?post=439"},{"taxonomy":"product_tag","embeddable":true,"href":"https:\/\/gothicmx.com\/index.php\/wp-json\/wp\/v2\/product_tag?post=439"}],"curies":[{"name":"wp","href":"https:\/\/api.w.org\/{rel}","templated":true}]}}