{"id":504,"date":"2020-10-22T04:53:37","date_gmt":"2020-10-22T09:53:37","guid":{"rendered":"http:\/\/gothicmx.com\/?post_type=product&#038;p=504"},"modified":"2023-03-16T03:22:12","modified_gmt":"2023-03-16T09:22:12","slug":"el-clan-caronte","status":"publish","type":"product","link":"https:\/\/gothicmx.com\/index.php\/producto\/el-clan-caronte\/","title":{"rendered":"El Clan &#8211; Caronte"},"content":{"rendered":"<div class=\"o9v6fnle cxmmr5t8 oygrvhab hcukyx3x c1et5uql\">\n<div dir=\"auto\">Legendaria y experimentada banda de rock que sacudi\u00f3 la escena nacional a principios de la d\u00e9cada de los noventa. Desde entonces, El Clan es considerada por muchos como la banda precursora y protagonista del movimiento oscuro en nuestro pa\u00eds. Una banda de culto.<\/div>\n<\/div>\n<div class=\"o9v6fnle cxmmr5t8 oygrvhab hcukyx3x c1et5uql\">\n<div dir=\"auto\">Sus influencias van desde el post punk y el gothic rock hasta el metal y el rock progresivo.<\/div>\n<\/div>\n<div class=\"o9v6fnle cxmmr5t8 oygrvhab hcukyx3x c1et5uql\">\n<div dir=\"auto\">En escena El Clan nos brinda un espect\u00e1culo musical y visual ubicado en el rock g\u00f3tico progresivo que rescata las atm\u00f3sferas cl\u00e1sicas de la literatura fant\u00e1stica y el terror c\u00f3smico al m\u00e1s puro estilo de Edgar Allan Poe, Lord Dunsany y H. P. Lovecraft.<\/div>\n<\/div>\n<div class=\"o9v6fnle cxmmr5t8 oygrvhab hcukyx3x c1et5uql\">\n<div dir=\"auto\">Una presentaci\u00f3n en vivo de El Clan es una fusi\u00f3n de emociones y sentimientos basados en un acto esc\u00e9nico centrado en la presencia y teatralidad de su frontman, bajo el cobijo de una experimentada banda que despliega descargas sonoras de energ\u00eda y fuerza en el escenario, dando como resultado una m\u00edstica conexi\u00f3n con el p\u00fablico en un verdadero lapso de introspecci\u00f3n y entretenimiento.<\/div>\n<\/div>\n<div class=\"o9v6fnle cxmmr5t8 oygrvhab hcukyx3x c1et5uql\">\n<div dir=\"auto\">El repertorio musical de El Clan hace un recorrido por sus 25 a\u00f1os de trayectoria, desde su m\u00edtico primer disco: Sin Sentir, hasta su m\u00e1s reciente producci\u00f3n discogr\u00e1fica: Caronte.<\/div>\n<\/div>\n<div class=\"o9v6fnle cxmmr5t8 oygrvhab hcukyx3x c1et5uql\">\n<div dir=\"auto\">La constante reinvenci\u00f3n y la descarada actitud a la experimentaci\u00f3n, le han permitido a El Clan sobrevivir al cambio generacional y mantener el constante inter\u00e9s del p\u00fablico a lo largo de los a\u00f1os.<\/div>\n<\/div>\n<div class=\"o9v6fnle cxmmr5t8 oygrvhab hcukyx3x c1et5uql\">\n<div dir=\"auto\">Se ha convertido en la banda m\u00e1s innovadora e influyente de la escena oscura hecha en M\u00e9xico, siendo una referencia obligada, al ampliar el rango creativo sin caer en los clich\u00e9s del g\u00e9nero, con un crecimiento continuo y una vigencia a prueba del tiempo.<\/div>\n<\/div>\n<div class=\"o9v6fnle cxmmr5t8 oygrvhab hcukyx3x c1et5uql\">\n<div dir=\"auto\">Con una gran historia a cuestas a lo largo de 25 a\u00f1os, podemos decir que El Clan es una banda de rock directa, visceral, dura, misteriosa, \u00e1spera, triste y casi siempre, por naturaleza, oscura.<\/div>\n<\/div>\n<p><iframe loading=\"lazy\" title=\"El Mal en M\u00ed\" width=\"980\" height=\"735\" src=\"https:\/\/www.youtube.com\/embed\/yRLBefY5Whk?feature=oembed\" frameborder=\"0\" allow=\"accelerometer; autoplay; clipboard-write; encrypted-media; gyroscope; picture-in-picture; web-share\" allowfullscreen><\/iframe><\/p>\n<p>&nbsp;<\/p>\n","protected":false},"excerpt":{"rendered":"<table class=\"playlist\">\n<tbody>\n<tr class=\"first tracklist_track track\" data-track-position=\"1\">\n<td class=\"tracklist_track_pos\">1<\/td>\n<td class=\"track tracklist_track_title \"><span class=\"tracklist_track_title\">Estigia<\/span><\/td>\n<td class=\"tracklist_track_duration\" width=\"25\"><\/td>\n<\/tr>\n<tr class=\" tracklist_track track\" data-track-position=\"2\">\n<td class=\"tracklist_track_pos\">2<\/td>\n<td class=\"track tracklist_track_title \"><span class=\"tracklist_track_title\">El Mal En M\u00ed<\/span><\/td>\n<td class=\"tracklist_track_duration\" width=\"25\"><\/td>\n<\/tr>\n<tr class=\" tracklist_track track\" data-track-position=\"3\">\n<td class=\"tracklist_track_pos\">3<\/td>\n<td class=\"track tracklist_track_title \"><span class=\"tracklist_track_title\">Only Live Once<\/span><\/td>\n<td class=\"tracklist_track_duration\" width=\"25\"><\/td>\n<\/tr>\n<tr class=\" tracklist_track track\" data-track-position=\"4\">\n<td class=\"tracklist_track_pos\">4<\/td>\n<td class=\"track tracklist_track_title \"><span class=\"tracklist_track_title\">Oc\u00e9anos De Tiempos<\/span><\/td>\n<td class=\"tracklist_track_duration\" width=\"25\"><\/td>\n<\/tr>\n<tr class=\" tracklist_track track\" data-track-position=\"5\">\n<td class=\"tracklist_track_pos\">5<\/td>\n<td class=\"track tracklist_track_title \"><span class=\"tracklist_track_title\">Elise<\/span><\/td>\n<td class=\"tracklist_track_duration\" width=\"25\"><\/td>\n<\/tr>\n<tr class=\" tracklist_track track\" data-track-position=\"6\">\n<td class=\"tracklist_track_pos\">6<\/td>\n<td class=\"track tracklist_track_title \"><span class=\"tracklist_track_title\">Breaking Through<\/span><\/td>\n<td class=\"tracklist_track_duration\" width=\"25\"><\/td>\n<\/tr>\n<tr class=\" tracklist_track track\" data-track-position=\"7\">\n<td class=\"tracklist_track_pos\">7<\/td>\n<td class=\"track tracklist_track_title \"><span class=\"tracklist_track_title\">El Plan Maestro de Dios (Palabra De Un Viejo Vampiro)<\/span><\/td>\n<td class=\"tracklist_track_duration\" width=\"25\"><\/td>\n<\/tr>\n<tr class=\" tracklist_track track\" data-track-position=\"8\">\n<td class=\"tracklist_track_pos\">8<\/td>\n<td class=\"track tracklist_track_title \"><span class=\"tracklist_track_title\">La Del Diablo<\/span><\/td>\n<td class=\"tracklist_track_duration\" width=\"25\"><\/td>\n<\/tr>\n<tr class=\" tracklist_track track\" data-track-position=\"9\">\n<td class=\"tracklist_track_pos\">9<\/td>\n<td class=\"track tracklist_track_title \"><span class=\"tracklist_track_title\">Heal The Wounds<\/span><\/td>\n<\/tr>\n<\/tbody>\n<\/table>\n","protected":false},"featured_media":505,"comment_status":"open","ping_status":"closed","template":"","meta":{"_bbp_topic_count":0,"_bbp_reply_count":0,"_bbp_total_topic_count":0,"_bbp_total_reply_count":0,"_bbp_voice_count":0,"_bbp_anonymous_reply_count":0,"_bbp_topic_count_hidden":0,"_bbp_reply_count_hidden":0,"_bbp_forum_subforum_count":0,"_monsterinsights_skip_tracking":false,"_monsterinsights_sitenote_active":false,"_monsterinsights_sitenote_note":"","_monsterinsights_sitenote_category":0,"_joinchat":[]},"product_cat":[47,41,43],"product_tag":[],"aioseo_notices":[],"_links":{"self":[{"href":"https:\/\/gothicmx.com\/index.php\/wp-json\/wp\/v2\/product\/504"}],"collection":[{"href":"https:\/\/gothicmx.com\/index.php\/wp-json\/wp\/v2\/product"}],"about":[{"href":"https:\/\/gothicmx.com\/index.php\/wp-json\/wp\/v2\/types\/product"}],"replies":[{"embeddable":true,"href":"https:\/\/gothicmx.com\/index.php\/wp-json\/wp\/v2\/comments?post=504"}],"wp:featuredmedia":[{"embeddable":true,"href":"https:\/\/gothicmx.com\/index.php\/wp-json\/wp\/v2\/media\/505"}],"wp:attachment":[{"href":"https:\/\/gothicmx.com\/index.php\/wp-json\/wp\/v2\/media?parent=504"}],"wp:term":[{"taxonomy":"product_cat","embeddable":true,"href":"https:\/\/gothicmx.com\/index.php\/wp-json\/wp\/v2\/product_cat?post=504"},{"taxonomy":"product_tag","embeddable":true,"href":"https:\/\/gothicmx.com\/index.php\/wp-json\/wp\/v2\/product_tag?post=504"}],"curies":[{"name":"wp","href":"https:\/\/api.w.org\/{rel}","templated":true}]}}