{"id":609,"date":"2020-12-24T13:52:54","date_gmt":"2020-12-24T19:52:54","guid":{"rendered":"http:\/\/gothicmx.com\/?post_type=product&#038;p=609"},"modified":"2025-05-27T20:06:07","modified_gmt":"2025-05-28T02:06:07","slug":"dimitri-berzerk-resist-ep","status":"publish","type":"product","link":"https:\/\/gothicmx.com\/index.php\/producto\/dimitri-berzerk-resist-ep\/","title":{"rendered":"Dimitri Berzerk\/ Resist EP \/ Vynil"},"content":{"rendered":"<section class=\"social-sharing-top\">\n<div class=\"social-comments comment-click-14383\"><\/div>\n<\/section>\n<p class=\"has-text-align-justify\">El dj y productor de la Ciudad de M\u00e9xico,\u00a0<strong>Dimitri Berzerk<\/strong>, presenta su segunda producci\u00f3n titulada, Resist EP, un \u00e1lbum que mezcla la oscuridad de las melod\u00edas del EBM y los destellos del Synthpop. Es importante destacar que el trabajo del artista ha tenido un gran recibimiento desde que se public\u00f3 su primer sencillo\u00a0<strong><em>\u201cCtrl+Alt+Del\u201d feat. Claus Larsen.<\/em><\/strong><\/p>\n<p class=\"has-text-align-justify\"><strong>Resist EP<\/strong>\u00a0es un trabajo que incluye cuatro nuevas canciones, dos de ellas con la participaci\u00f3n de\u00a0<em>Claus Larsen<\/em>\u00a0de\u00a0<em>Leaether Strip<\/em>\u00a0en las voces, y una versi\u00f3n de la canci\u00f3n cl\u00e1sica del proyecto alem\u00e1n Nena en colaboraci\u00f3n con la vocalista de\u00a0<em>Pamuk<\/em>\u00a0como invitada especial. Como en su producci\u00f3n anterior, este \u00e1lbum compila una gran cantidad de remixes con nombres como\u00a0<em>Orange Sector, C-Lekktor, Substaat, Technomancer, Angstpop, Delectro, Neuvision, Cid Project y Larva<\/em>\u00a0entre muchos otros que se pueden encontrar a trav\u00e9s de las diferentes versiones del \u00e1lbum<\/p>\n<p class=\"has-text-align-justify\">Resist EP es un replanteamiento de la realidad actual. El \u00e1lbum tiene como objetivo capturar un arco de sonidos que podr\u00edan contrastar entre s\u00ed. Por un lado, tenemos ritmos oscuros y agresivos que nos sumergen en un contexto de inconformidad; por otro lado, encontramos melod\u00edas brillantes y en\u00e9rgicas que nos motivan a seguir adelante. En general, es solo el punto \u00edntimo de relaci\u00f3n entre dos opuestos, un momento ideal para generar un cambio en nuestro entorno y resistir sus consecuencias<\/p>\n<p>LP<\/p>\n<p><iframe loading=\"lazy\" title=\"Dimitri Berzerk - Resist EP Vinyl Sampler\" width=\"980\" height=\"551\" src=\"https:\/\/www.youtube.com\/embed\/F-Tl4fiUXlM?feature=oembed\" frameborder=\"0\" allow=\"accelerometer; autoplay; clipboard-write; encrypted-media; gyroscope; picture-in-picture\" allowfullscreen><\/iframe><\/p>\n<p>&nbsp;<\/p>\n","protected":false},"excerpt":{"rendered":"<section class=\"social-sharing-top\">\n<div class=\"social-comments comment-click-14383\">\n<div class=\"rlc__slider-page\">\n<div class=\"hFvVJe\">\n<div class=\"h998We mlo-c\">\n<div class=\"kIXOkb PZPZlf\" data-attrid=\"kc:\/music\/album:songs\" data-entityid=\"\/g\/11jjk5jjdt\" data-rentity=\"\/g\/11jjk5p368\">\n<div class=\"vtnSJf TO2KC GQFnxe QcvIo pbhLif\">\n<div class=\"VQr16d\">\n<div class=\"xtObwd\">\n<div class=\"rlc__slider-page\">\n<div class=\"hFvVJe\">\n<div class=\"h998We mlo-c\">\n<div class=\"kIXOkb PZPZlf\" data-attrid=\"kc:\/music\/album:songs\" data-entityid=\"\/g\/11jjk5jjdt\" data-rentity=\"\/g\/11jjk5p368\">\n<div class=\"vtnSJf TO2KC GQFnxe QcvIo pbhLif\">\n<div class=\"VQr16d\">\n<div class=\"xtObwd\">1<\/div>\n<\/div>\n<div class=\"LwV4sf\">\n<div class=\"junCMe\" role=\"heading\" aria-level=\"3\">\n<div class=\"title\">Ctrl+Alt+Del (Single Version)<\/div>\n<div class=\"uDMnUc\">Le\u00e6ther Strip<\/div>\n<\/div>\n<\/div>\n<div class=\"Li8Y0e fRmlm\">\n<div class=\"ooYbic\">3:39<\/div>\n<\/div>\n<\/div>\n<\/div>\n<\/div>\n<div class=\"h998We mlo-c\">\n<div class=\"kIXOkb PZPZlf\" data-attrid=\"kc:\/music\/album:songs\" data-entityid=\"\/g\/11jjk5jjdt\" data-rentity=\"\/g\/11jlfzccck\">\n<div class=\"JJP03\"><\/div>\n<div class=\"vtnSJf TO2KC GQFnxe QcvIo pbhLif\">\n<div class=\"VQr16d\">\n<div class=\"xtObwd\">2<\/div>\n<\/div>\n<div class=\"LwV4sf\">\n<div class=\"junCMe\" role=\"heading\" aria-level=\"3\">\n<div class=\"title\">They<\/div>\n<\/div>\n<\/div>\n<div class=\"Li8Y0e fRmlm\">\n<div class=\"ooYbic\">5:19<\/div>\n<\/div>\n<\/div>\n<\/div>\n<\/div>\n<div class=\"h998We mlo-c\">\n<div class=\"kIXOkb PZPZlf\" data-attrid=\"kc:\/music\/album:songs\" data-entityid=\"\/g\/11jjk5jjdt\" data-rentity=\"\/g\/11jjk5th53\">\n<div class=\"JJP03\"><\/div>\n<div class=\"vtnSJf TO2KC GQFnxe QcvIo pbhLif\">\n<div class=\"VQr16d\">\n<div class=\"xtObwd\">3<\/div>\n<\/div>\n<div class=\"LwV4sf\">\n<div class=\"junCMe\" role=\"heading\" aria-level=\"3\">\n<div class=\"title\">Flashback (Mission Earth)<\/div>\n<\/div>\n<\/div>\n<div class=\"Li8Y0e fRmlm\">\n<div class=\"ooYbic\">5:20<\/div>\n<\/div>\n<\/div>\n<\/div>\n<\/div>\n<div class=\"h998We mlo-c\">\n<div class=\"kIXOkb PZPZlf\" data-attrid=\"kc:\/music\/album:songs\" data-entityid=\"\/g\/11jjk5jjdt\" data-rentity=\"\/g\/11jjk58vth\">\n<div class=\"JJP03\"><\/div>\n<div class=\"vtnSJf TO2KC GQFnxe QcvIo pbhLif\">\n<div class=\"VQr16d\">\n<div class=\"xtObwd\">4<\/div>\n<\/div>\n<div class=\"LwV4sf\">\n<div class=\"junCMe\" role=\"heading\" aria-level=\"3\">\n<div class=\"title\">Endurance<\/div>\n<div class=\"uDMnUc\">Le\u00e6ther Strip<\/div>\n<\/div>\n<\/div>\n<div class=\"Li8Y0e fRmlm\">\n<div class=\"ooYbic\">4:29<\/div>\n<\/div>\n<\/div>\n<\/div>\n<\/div>\n<\/div>\n<\/div>\n<div class=\"rlc__slider-page\">\n<div class=\"hFvVJe\">\n<div class=\"h998We mlo-c\">\n<div class=\"kIXOkb PZPZlf\" data-attrid=\"kc:\/music\/album:songs\" data-entityid=\"\/g\/11jjk5jjdt\" data-rentity=\"\/g\/11jjk5cp9x\">\n<div class=\"JJP03\"><\/div>\n<div class=\"vtnSJf TO2KC GQFnxe QcvIo pbhLif\">\n<div class=\"VQr16d\">\n<div class=\"xtObwd\">5<\/div>\n<\/div>\n<div class=\"LwV4sf\">\n<div class=\"junCMe\" role=\"heading\" aria-level=\"3\">\n<div class=\"title\">Ctrl+Alt+Del (Orange Sector Remix)<\/div>\n<div class=\"uDMnUc\">Le\u00e6ther Strip<\/div>\n<\/div>\n<\/div>\n<div class=\"Li8Y0e fRmlm\">\n<div class=\"ooYbic\">3:36<\/div>\n<\/div>\n<\/div>\n<\/div>\n<\/div>\n<div class=\"h998We mlo-c\">\n<div class=\"kIXOkb PZPZlf\" data-attrid=\"kc:\/music\/album:songs\" data-entityid=\"\/g\/11jjk5jjdt\" data-rentity=\"\/g\/11jjk5vdj5\">\n<div class=\"JJP03\"><\/div>\n<div class=\"vtnSJf TO2KC GQFnxe QcvIo pbhLif\">\n<div class=\"VQr16d\">\n<div class=\"xtObwd\">6<\/div>\n<\/div>\n<div class=\"LwV4sf\">\n<div class=\"junCMe\" role=\"heading\" aria-level=\"3\">\n<div class=\"title\">Just A Dream<\/div>\n<div class=\"uDMnUc\">PAMUK<\/div>\n<\/div>\n<\/div>\n<div class=\"Li8Y0e fRmlm\">\n<div class=\"ooYbic\">4:56<\/div>\n<\/div>\n<\/div>\n<\/div>\n<\/div>\n<div class=\"h998We mlo-c\">\n<div class=\"kIXOkb PZPZlf\" data-attrid=\"kc:\/music\/album:songs\" data-entityid=\"\/g\/11jjk5jjdt\" data-rentity=\"\/g\/11jjk5p02b\">\n<div class=\"JJP03\"><\/div>\n<div class=\"vtnSJf TO2KC GQFnxe QcvIo pbhLif\">\n<div class=\"VQr16d\">\n<div class=\"xtObwd\">7<\/div>\n<\/div>\n<div class=\"LwV4sf\">\n<div class=\"junCMe\" role=\"heading\" aria-level=\"3\">\n<div class=\"title\">Ctrl+Alt+Del (C-Lekktor Remix)<\/div>\n<div class=\"uDMnUc\">Le\u00e6ther Strip<\/div>\n<\/div>\n<\/div>\n<div class=\"Li8Y0e fRmlm\">\n<div class=\"ooYbic\">5:09<\/div>\n<\/div>\n<\/div>\n<\/div>\n<\/div>\n<div class=\"h998We mlo-c\">\n<div class=\"kIXOkb PZPZlf\" data-attrid=\"kc:\/music\/album:songs\" data-entityid=\"\/g\/11jjk5jjdt\" data-rentity=\"\/g\/11jlfz6fbl\">\n<div class=\"JJP03\"><\/div>\n<div class=\"vtnSJf TO2KC GQFnxe QcvIo pbhLif\">\n<div class=\"VQr16d\">\n<div class=\"xtObwd\">8<\/div>\n<\/div>\n<div class=\"LwV4sf\">\n<div class=\"junCMe\" role=\"heading\" aria-level=\"3\">\n<div class=\"title\">They (DJ Sobrino + Scorpio 69 Remix Edit)<\/div>\n<\/div>\n<\/div>\n<div class=\"Li8Y0e fRmlm\">\n<div class=\"ooYbic\">5:05<\/div>\n<\/div>\n<\/div>\n<\/div>\n<\/div>\n<\/div>\n<\/div>\n<div class=\"rlc__slider-page\">\n<div class=\"hFvVJe\">\n<div class=\"h998We mlo-c\">\n<div class=\"kIXOkb PZPZlf\" data-attrid=\"kc:\/music\/album:songs\" data-entityid=\"\/g\/11jjk5jjdt\" data-rentity=\"\/g\/11jlfzcq29\">\n<div class=\"JJP03\"><\/div>\n<div class=\"vtnSJf TO2KC GQFnxe QcvIo pbhLif\">\n<div class=\"VQr16d\">\n<div class=\"xtObwd\">9<\/div>\n<\/div>\n<div class=\"LwV4sf\">\n<div class=\"junCMe\" role=\"heading\" aria-level=\"3\">\n<div class=\"title\">Flashback (Mission Earth) (Bishop UPG Remix Edit)<\/div>\n<\/div>\n<\/div>\n<div class=\"Li8Y0e fRmlm\">\n<div class=\"ooYbic\">4:32<\/div>\n<\/div>\n<\/div>\n<\/div>\n<\/div>\n<div class=\"h998We mlo-c\">\n<div class=\"kIXOkb PZPZlf\" data-attrid=\"kc:\/music\/album:songs\" data-entityid=\"\/g\/11jjk5jjdt\" data-rentity=\"\/g\/11jjk5xrfy\">\n<div class=\"JJP03\"><\/div>\n<div class=\"vtnSJf TO2KC GQFnxe QcvIo pbhLif\">\n<div class=\"VQr16d\">\n<div class=\"xtObwd\">10<\/div>\n<\/div>\n<div class=\"LwV4sf\">\n<div class=\"junCMe\" role=\"heading\" aria-level=\"3\">\n<div class=\"title\">Endurance (Technomancer feat. Angst Pop Remix)<\/div>\n<div><\/div>\n<\/div>\n<\/div>\n<\/div>\n<\/div>\n<div>(Bonus Tracks Exclusive for Download Card)<\/div>\n<div><\/div>\n<div class=\"kIXOkb PZPZlf\" data-attrid=\"kc:\/music\/album:songs\" data-entityid=\"\/g\/11jjk5jjdt\" data-rentity=\"\/g\/11jjk5xrfy\">\n<div class=\"vtnSJf TO2KC GQFnxe QcvIo pbhLif\">\n<div>11<\/div>\n<div>Ctrl+Alt+Del Feat. Claus Larsen (Neuvision Remix) 04:06<\/div>\n<div><\/div>\n<\/div>\n<div>12<\/div>\n<div>They (Judas 12 Resignation Syndrome Remix) 11:33<\/div>\n<div><\/div>\n<\/div>\n<div>13<\/div>\n<div>Endurance Feat. Claus Larsen (Hooverlordz Remix) 3:27<\/div>\n<div><\/div>\n<\/div>\n<div>14<\/div>\n<div>Ctrl+Alt+Del Feat. Claus Larsen (Rebel Empire Remix) 04:03<\/div>\n<div><\/div>\n<\/div>\n<div>15<\/div>\n<div>They ( Die-Go Remix) 6:23<\/div>\n<div><\/div>\n<div class=\"hFvVJe\">\n<div>16<\/div>\n<div>Endurance feat. Claus Larsen (Fire Walkers Remix)<\/div>\n<\/div>\n<\/div>\n<\/div>\n<\/div>\n<\/div>\n<\/div>\n<\/div>\n<\/div>\n<\/div>\n<\/div>\n<\/section>\n","protected":false},"featured_media":610,"comment_status":"open","ping_status":"closed","template":"","meta":{"_bbp_topic_count":0,"_bbp_reply_count":0,"_bbp_total_topic_count":0,"_bbp_total_reply_count":0,"_bbp_voice_count":0,"_bbp_anonymous_reply_count":0,"_bbp_topic_count_hidden":0,"_bbp_reply_count_hidden":0,"_bbp_forum_subforum_count":0,"_monsterinsights_skip_tracking":false,"_monsterinsights_sitenote_active":false,"_monsterinsights_sitenote_note":"","_monsterinsights_sitenote_category":0,"_joinchat":[]},"product_cat":[47,49,57,51,54,16,55,64],"product_tag":[],"aioseo_notices":[],"_links":{"self":[{"href":"https:\/\/gothicmx.com\/index.php\/wp-json\/wp\/v2\/product\/609"}],"collection":[{"href":"https:\/\/gothicmx.com\/index.php\/wp-json\/wp\/v2\/product"}],"about":[{"href":"https:\/\/gothicmx.com\/index.php\/wp-json\/wp\/v2\/types\/product"}],"replies":[{"embeddable":true,"href":"https:\/\/gothicmx.com\/index.php\/wp-json\/wp\/v2\/comments?post=609"}],"wp:featuredmedia":[{"embeddable":true,"href":"https:\/\/gothicmx.com\/index.php\/wp-json\/wp\/v2\/media\/610"}],"wp:attachment":[{"href":"https:\/\/gothicmx.com\/index.php\/wp-json\/wp\/v2\/media?parent=609"}],"wp:term":[{"taxonomy":"product_cat","embeddable":true,"href":"https:\/\/gothicmx.com\/index.php\/wp-json\/wp\/v2\/product_cat?post=609"},{"taxonomy":"product_tag","embeddable":true,"href":"https:\/\/gothicmx.com\/index.php\/wp-json\/wp\/v2\/product_tag?post=609"}],"curies":[{"name":"wp","href":"https:\/\/api.w.org\/{rel}","templated":true}]}}