{"id":683,"date":"2021-02-26T12:54:04","date_gmt":"2021-02-26T18:54:04","guid":{"rendered":"http:\/\/gothicmx.com\/?post_type=product&#038;p=683"},"modified":"2025-05-25T03:49:15","modified_gmt":"2025-05-25T09:49:15","slug":"aves-a-veces-en-el-refugio","status":"publish","type":"product","link":"https:\/\/gothicmx.com\/index.php\/producto\/aves-a-veces-en-el-refugio\/","title":{"rendered":"AVES A VECES\/ En el refugio"},"content":{"rendered":"<p>Aves a Veces<br \/>\nEst\u00e1 integrado por Juan Heredia en voz, guitarra y letras, Carlos D\u00edaz en bajo y coros, Mois\u00e9s Olmedo en bater\u00eda y Emmanuel Navarro \u2018Tired\u2019 en sintetizador, comenzar\u00f3n a tocar juntos en marzo de 1998 en la ciudad de Guadalajara, Jalisco, M\u00e9xico. Los inicios son en la m\u00fasica dark, aunque a lo largo de estos a\u00f1os han evolucionado hacia otros rumbos musicales aunque ya no se consideran una banda dark, siguen teniendo mucha influencia de ese g\u00e9nero, definen su estilo musical como \u2018alternativo oscuro\u2019. Su discograf\u00eda consta de un primer demo que se llam\u00f3 sencillamente \u2018Aves a Veces\u2019 (1999) en este se inclu\u00edan siete canciones, seguido de un disco titulado \u2018Aura\u2019 (2001), despu\u00e9s el EP \u2018Suspira\u2019 (2003) hasta llegar al disco \u2018Ahora somos nada\u2019 (2005), actualmente EP sencillamente llamado Aves a Veces(2008)<\/p>\n<p>A 10 a\u00f1os de su formaci\u00f3n editan un EP de 7 canciones como resultado de una madura evoluci\u00f3n en su sonido.<br \/>\nEn este material se escucha un sonido potente, aunque a la vez \u00edntimo, quiz\u00e1 introspectivo, al reconocer estas caracter\u00edsticas tambi\u00e9n se percibe en los temas dualidad; luz-oscuridad, d\u00eda-noche, bueno-malo, blanco-negro. De ah\u00ed surge el concepto actual de Aves a Veces.<\/p>\n<p><iframe loading=\"lazy\" title=\"El Refugio\" width=\"980\" height=\"551\" src=\"https:\/\/www.youtube.com\/embed\/NynxBBtEc_A?feature=oembed\" frameborder=\"0\" allow=\"accelerometer; autoplay; clipboard-write; encrypted-media; gyroscope; picture-in-picture\" allowfullscreen><\/iframe><\/p>\n<p>&nbsp;<\/p>\n","protected":false},"excerpt":{"rendered":"<p>1 El Sagrado<br \/>\n2 El Refugio<br \/>\n3 Aurora Boreal<br \/>\n4 She Loves Tragedy<br \/>\n5 Cardio<br \/>\n6 Dias Rotos<br \/>\n7 Imagenes (En Vivo)<br \/>\n8 No Estare (En Vivo)<\/p>\n","protected":false},"featured_media":684,"comment_status":"open","ping_status":"closed","template":"","meta":{"_bbp_topic_count":0,"_bbp_reply_count":0,"_bbp_total_topic_count":0,"_bbp_total_reply_count":0,"_bbp_voice_count":0,"_bbp_anonymous_reply_count":0,"_bbp_topic_count_hidden":0,"_bbp_reply_count_hidden":0,"_bbp_forum_subforum_count":0,"_monsterinsights_skip_tracking":false,"_monsterinsights_sitenote_active":false,"_monsterinsights_sitenote_note":"","_monsterinsights_sitenote_category":0,"_joinchat":[]},"product_cat":[47,43],"product_tag":[],"aioseo_notices":[],"_links":{"self":[{"href":"https:\/\/gothicmx.com\/index.php\/wp-json\/wp\/v2\/product\/683"}],"collection":[{"href":"https:\/\/gothicmx.com\/index.php\/wp-json\/wp\/v2\/product"}],"about":[{"href":"https:\/\/gothicmx.com\/index.php\/wp-json\/wp\/v2\/types\/product"}],"replies":[{"embeddable":true,"href":"https:\/\/gothicmx.com\/index.php\/wp-json\/wp\/v2\/comments?post=683"}],"wp:featuredmedia":[{"embeddable":true,"href":"https:\/\/gothicmx.com\/index.php\/wp-json\/wp\/v2\/media\/684"}],"wp:attachment":[{"href":"https:\/\/gothicmx.com\/index.php\/wp-json\/wp\/v2\/media?parent=683"}],"wp:term":[{"taxonomy":"product_cat","embeddable":true,"href":"https:\/\/gothicmx.com\/index.php\/wp-json\/wp\/v2\/product_cat?post=683"},{"taxonomy":"product_tag","embeddable":true,"href":"https:\/\/gothicmx.com\/index.php\/wp-json\/wp\/v2\/product_tag?post=683"}],"curies":[{"name":"wp","href":"https:\/\/api.w.org\/{rel}","templated":true}]}}