{"id":750,"date":"2021-05-03T04:40:53","date_gmt":"2021-05-03T09:40:53","guid":{"rendered":"http:\/\/gothicmx.com\/?post_type=product&#038;p=750"},"modified":"2022-04-26T08:44:44","modified_gmt":"2022-04-26T13:44:44","slug":"size","status":"publish","type":"product","link":"https:\/\/gothicmx.com\/index.php\/producto\/size\/","title":{"rendered":"Size"},"content":{"rendered":"<p>Size hac\u00eda un post-punk con sintetizadores, con letras en ingl\u00e9s y en espa\u00f1ol. Algunos gustos que admiten en su perfil de MySpace son\u00a0Wire,\u00a0Ultravox,\u00a0Cabaret Voltaire,\u00a0Throbbing Gristle\u00a0y\u00a0Joy Division. En la antolog\u00eda\u00a0<i>Sound Cosmodel<\/i>\u00a0fueron colocados junto a\u00a0Half Japanese,\u00a0Die Form,\u00a0Nurse With Wound\u00a0y\u00a0Z&#8217;EV.<\/p>\n<p>El cr\u00edtico cultural y escritor\u00a0Jos\u00e9 Homero\u00a0describe el estilo de Size en estos t\u00e9rminos: &#8220;Canciones como la emblem\u00e1tica &#8216;Tonight&#8217; acusan el influjo del punk en el fraseo de Bleeding y en la crudeza de la letra, pero prepondera el elemento bailable, cifrado ya desde el inolvidable intro, con efectos juguetones, l\u00edneas funk en el bajo e inquietantes y l\u00edricos subrayados de sintetizador, que le otorgan ya un inconfundible sello postpunk. Se trata de la asimilaci\u00f3n mexicana de esa experiencia que se decant\u00f3 hacia la electr\u00f3nica con instrumentos baratos, que comienza Daniel Miller y expresaron mejor Fad Gadget y Depeche Mode, justo en el sello del primero&#8221;<sup id=\"cite_ref-O50_8-0\" class=\"reference separada\"><\/sup>\u200b<\/p>\n<p>Walter Schmidt explica la qu\u00e9 sucedi\u00f3 con el LP in\u00e9dito de Nadie Puede Vivir con un Monstruo: &#8220;Despu\u00e9s, Polygram nos contrat\u00f3 para grabar el \u00e1lbum, pero el productor que ten\u00edamos tuvo problemas con la compa\u00f1\u00eda y entonces ya no se quiso editar el \u00e1lbum (&#8230;) La compa\u00f1\u00eda me dio a m\u00ed las cintas para que yo hiciera lo que quisiera y tiempo despu\u00e9s (&#8230;) se edit\u00f3 en CD.&#8221;<sup id=\"cite_ref-laruletaradio_1_7-1\" class=\"reference separada\"><a href=\"https:\/\/es.wikipedia.org\/wiki\/Size#cite_note-laruletaradio_1-7\">7<\/a><\/sup>\u200b<\/p>\n<p>Size durante su corto periodo de actividad tuvo diversas presentaciones en vivo en lugares &#8220;underground&#8221; de la Ciudad de M\u00e9xico, junto con la banda Dangerous Rhythm (posteriormente\u00a0Ritmo Peligroso) sentaron muchas de las bases de lo que ser\u00eda el punk en M\u00e9xico. En las zonas m\u00e1s proletarias al norte de la ciudad se gest\u00f3, a principios de los ochenta, un movimiento punk m\u00e1s an\u00e1rquico con bandas como\u00a0Rebel&#8217;d Punk,\u00a0Massacre 68\u00a0y\u00a0S\u00edndrome\u00a0del punk.<\/p>\n<p><iframe loading=\"lazy\" title=\"Size - El Diablo En El Cuerpo [Video].\" width=\"980\" height=\"735\" src=\"https:\/\/www.youtube.com\/embed\/tAKYVnL2H-M?feature=oembed\" frameborder=\"0\" allow=\"accelerometer; autoplay; clipboard-write; encrypted-media; gyroscope; picture-in-picture\" allowfullscreen><\/iframe><\/p>\n<p>&nbsp;<\/p>\n","protected":false},"excerpt":{"rendered":"<p>1 Tonight<br \/>\n2 Daily Matrix<br \/>\n3 Bar Ship<br \/>\n4 Strategy<br \/>\n5 Lucrative Methods<br \/>\n6 Grotesque Ornament<br \/>\n7 GoGo Girl<br \/>\n8 El Diablo En El Cuerpo (Mix)<br \/>\n9 La Cabellera De Berenice<br \/>\n10 Juegos De Azar<br \/>\n11 Castillos En El Cielo<br \/>\n12 Tr\u00e1fico De Esclavos<br \/>\n13 Alebrije<br \/>\n14 El Diablo En El Cuerpo<br \/>\n15 Time Trap<br \/>\n16 Me I Lost You<\/p>\n","protected":false},"featured_media":751,"comment_status":"open","ping_status":"closed","template":"","meta":{"_bbp_topic_count":0,"_bbp_reply_count":0,"_bbp_total_topic_count":0,"_bbp_total_reply_count":0,"_bbp_voice_count":0,"_bbp_anonymous_reply_count":0,"_bbp_topic_count_hidden":0,"_bbp_reply_count_hidden":0,"_bbp_forum_subforum_count":0,"_monsterinsights_skip_tracking":false,"_monsterinsights_sitenote_active":false,"_monsterinsights_sitenote_note":"","_monsterinsights_sitenote_category":0,"_joinchat":[]},"product_cat":[47,16,55,46],"product_tag":[],"aioseo_notices":[],"_links":{"self":[{"href":"https:\/\/gothicmx.com\/index.php\/wp-json\/wp\/v2\/product\/750"}],"collection":[{"href":"https:\/\/gothicmx.com\/index.php\/wp-json\/wp\/v2\/product"}],"about":[{"href":"https:\/\/gothicmx.com\/index.php\/wp-json\/wp\/v2\/types\/product"}],"replies":[{"embeddable":true,"href":"https:\/\/gothicmx.com\/index.php\/wp-json\/wp\/v2\/comments?post=750"}],"wp:featuredmedia":[{"embeddable":true,"href":"https:\/\/gothicmx.com\/index.php\/wp-json\/wp\/v2\/media\/751"}],"wp:attachment":[{"href":"https:\/\/gothicmx.com\/index.php\/wp-json\/wp\/v2\/media?parent=750"}],"wp:term":[{"taxonomy":"product_cat","embeddable":true,"href":"https:\/\/gothicmx.com\/index.php\/wp-json\/wp\/v2\/product_cat?post=750"},{"taxonomy":"product_tag","embeddable":true,"href":"https:\/\/gothicmx.com\/index.php\/wp-json\/wp\/v2\/product_tag?post=750"}],"curies":[{"name":"wp","href":"https:\/\/api.w.org\/{rel}","templated":true}]}}