{"id":799,"date":"2021-07-05T01:06:17","date_gmt":"2021-07-05T06:06:17","guid":{"rendered":"http:\/\/gothicmx.com\/?post_type=product&#038;p=799"},"modified":"2025-10-24T22:23:57","modified_gmt":"2025-10-25T04:23:57","slug":"eom-compilado-vol-2","status":"publish","type":"product","link":"https:\/\/gothicmx.com\/index.php\/producto\/eom-compilado-vol-2\/","title":{"rendered":"EOM \/ Compilado Vol. 2"},"content":{"rendered":"<div class=\"tralbumData tralbum-about\">Segundo compilaci\u00f3n de la p\u00e1gina Escena Oscura Mexicana de bandas nacionales.<br \/>\nEl \u00e1lbum tiene la finalidad de llegar a los m\u00e1s oscuro rinc\u00f3n del planeta para dar a conocer el talento con que cuenta nuestro pa\u00eds.La descarga es gratuita, ya que es importante llegar a m\u00e1s gente, sin embargo si gustas donar algo para que el material salga en f\u00edsico es bien recibido.<\/p>\n<p>Puedes contacta a la p\u00e1gina oficial que es Escena Oscura Mexicana.<\/p>\n<p><a href=\"https:\/\/www.facebook.com\/EscenaOscuraMexicana\/\" rel=\"nofollow ugc\">www.facebook.com\/EscenaOscuraMexicana\/<\/a><\/p>\n<\/div>\n","protected":false},"excerpt":{"rendered":"<p>1.\u00a0 Akuro &#8211; Anna\u00b4s Breathe 03:28<br \/>\n2. Depraved Priest &#8211; Unleash the best 03:54<br \/>\n3. Somos El\u00e9ctricos &#8211; CTRL 808 03:08<br \/>\n4. Hatrox &#8211; La sombra 03:28<br \/>\n5. Histeria &#8211; Ori\u00f3n 04:50<br \/>\n6. ERESH &#8211; Criminal 04:00<br \/>\n7. Das Leiden &#8211; My Pale Face 04:36<br \/>\n8. Nacatero &#8211; I want my own destruction 04:16<br \/>\n9. Charles Liebert &#8211; Rebel Lion 03:42<br \/>\n10. Antiskoria &#8211; Psicopatia 03:36<br \/>\n11. Pabell\u00f3n Asnova &#8211; Tiempo 03:43<br \/>\n12. Ultimattum &#8211; Maquinarias 04:41<br \/>\n13. Calaverx &#8211; Una chica m\u00e1s 03:23<br \/>\n14. Antimateria &#8211; Industrial Revolution 07:55<\/p>\n","protected":false},"featured_media":800,"comment_status":"open","ping_status":"closed","template":"","meta":{"_bbp_topic_count":0,"_bbp_reply_count":0,"_bbp_total_topic_count":0,"_bbp_total_reply_count":0,"_bbp_voice_count":0,"_bbp_anonymous_reply_count":0,"_bbp_topic_count_hidden":0,"_bbp_reply_count_hidden":0,"_bbp_forum_subforum_count":0,"_monsterinsights_skip_tracking":false,"_monsterinsights_sitenote_active":false,"_monsterinsights_sitenote_note":"","_monsterinsights_sitenote_category":0,"_joinchat":[]},"product_cat":[47,49,58,52,54,16,55,40,41,43,42,46],"product_tag":[],"aioseo_notices":[],"_links":{"self":[{"href":"https:\/\/gothicmx.com\/index.php\/wp-json\/wp\/v2\/product\/799"}],"collection":[{"href":"https:\/\/gothicmx.com\/index.php\/wp-json\/wp\/v2\/product"}],"about":[{"href":"https:\/\/gothicmx.com\/index.php\/wp-json\/wp\/v2\/types\/product"}],"replies":[{"embeddable":true,"href":"https:\/\/gothicmx.com\/index.php\/wp-json\/wp\/v2\/comments?post=799"}],"wp:featuredmedia":[{"embeddable":true,"href":"https:\/\/gothicmx.com\/index.php\/wp-json\/wp\/v2\/media\/800"}],"wp:attachment":[{"href":"https:\/\/gothicmx.com\/index.php\/wp-json\/wp\/v2\/media?parent=799"}],"wp:term":[{"taxonomy":"product_cat","embeddable":true,"href":"https:\/\/gothicmx.com\/index.php\/wp-json\/wp\/v2\/product_cat?post=799"},{"taxonomy":"product_tag","embeddable":true,"href":"https:\/\/gothicmx.com\/index.php\/wp-json\/wp\/v2\/product_tag?post=799"}],"curies":[{"name":"wp","href":"https:\/\/api.w.org\/{rel}","templated":true}]}}