{"id":838,"date":"2021-12-17T04:18:12","date_gmt":"2021-12-17T10:18:12","guid":{"rendered":"http:\/\/gothicmx.com\/?post_type=product&#038;p=838"},"modified":"2024-03-10T15:17:12","modified_gmt":"2024-03-10T21:17:12","slug":"sombrio-esta-historia","status":"publish","type":"product","link":"https:\/\/gothicmx.com\/index.php\/producto\/sombrio-esta-historia\/","title":{"rendered":"Sombrio &#8211; Esta Historia"},"content":{"rendered":"<p>Sombr\u00edo, nace en 2019 como un proyecto solista de Fernando Acosta,<br \/>\nbaterista y letrista en Sogno, una agrupaci\u00f3n que data de 1990, que en su<br \/>\nprimera etapa perteneci\u00f3 a la escena oscura underground, de la ciudad de<br \/>\nM\u00e9xico.<\/p>\n<p>Cada tema es una peque\u00f1a historia en s\u00ed misma; un cuento breve. Creada o contada por alguien m\u00e1s,\u00a0 ya sea extra\u00edda del mundo on\u00edrico, de alg\u00fan libro polvoriento o de una trama que se disfruta en solitario, en medio de la noche.<\/p>\n<p>Letras con frases cargadas tambi\u00e9n de frustraci\u00f3n y de ira, plagada de verdades que son inc\u00f3modas; desencantamientos. Ilusiones rotas. Romances imposibles e inalcanzable felicidad. El dolor de la misma existencia llevada en hombros. Son los principales elementos que conforman el concepto.<\/p>\n<p>As\u00ed como los sue\u00f1os llegan a ser causantes de inquietantes pesadillas y quiz\u00e1 reveladores, los momentos depresivos y angustiosos, pueden encontrar la forma de salir a trav\u00e9s de la m\u00fasica y de las palabras.<\/p>\n<p>A su vez creando todas estas piezas sueltas, un cuadro policrom\u00e1tico, de tintes oscuros y siniestros, en contraste con algunas pinceladas de luz muy tenue.<\/p>\n<p><iframe loading=\"lazy\" title=\"Sombr\u00edo-&quot;Altar&quot;\" width=\"980\" height=\"551\" src=\"https:\/\/www.youtube.com\/embed\/aH4epEQVQi4?feature=oembed\" frameborder=\"0\" allow=\"accelerometer; autoplay; clipboard-write; encrypted-media; gyroscope; picture-in-picture\" allowfullscreen><\/iframe><\/p>\n<p>&nbsp;<\/p>\n","protected":false},"excerpt":{"rendered":"<p>Ep-2021<\/p>\n<p>1. Esta historia<br \/>\n2. Observa<br \/>\n3. Nocturno<br \/>\n4. Lo que fue<\/p>\n","protected":false},"featured_media":839,"comment_status":"open","ping_status":"closed","template":"","meta":{"_bbp_topic_count":0,"_bbp_reply_count":0,"_bbp_total_topic_count":0,"_bbp_total_reply_count":0,"_bbp_voice_count":0,"_bbp_anonymous_reply_count":0,"_bbp_topic_count_hidden":0,"_bbp_reply_count_hidden":0,"_bbp_forum_subforum_count":0,"_monsterinsights_skip_tracking":false,"_monsterinsights_sitenote_active":false,"_monsterinsights_sitenote_note":"","_monsterinsights_sitenote_category":0,"_joinchat":[]},"product_cat":[47,51,41,43],"product_tag":[],"aioseo_notices":[],"_links":{"self":[{"href":"https:\/\/gothicmx.com\/index.php\/wp-json\/wp\/v2\/product\/838"}],"collection":[{"href":"https:\/\/gothicmx.com\/index.php\/wp-json\/wp\/v2\/product"}],"about":[{"href":"https:\/\/gothicmx.com\/index.php\/wp-json\/wp\/v2\/types\/product"}],"replies":[{"embeddable":true,"href":"https:\/\/gothicmx.com\/index.php\/wp-json\/wp\/v2\/comments?post=838"}],"wp:featuredmedia":[{"embeddable":true,"href":"https:\/\/gothicmx.com\/index.php\/wp-json\/wp\/v2\/media\/839"}],"wp:attachment":[{"href":"https:\/\/gothicmx.com\/index.php\/wp-json\/wp\/v2\/media?parent=838"}],"wp:term":[{"taxonomy":"product_cat","embeddable":true,"href":"https:\/\/gothicmx.com\/index.php\/wp-json\/wp\/v2\/product_cat?post=838"},{"taxonomy":"product_tag","embeddable":true,"href":"https:\/\/gothicmx.com\/index.php\/wp-json\/wp\/v2\/product_tag?post=838"}],"curies":[{"name":"wp","href":"https:\/\/api.w.org\/{rel}","templated":true}]}}